62. Determine o(-1).
104
Let a(k) = 140*k - 11741. Determine a(81).
-401
Let s(a) = -108*a**2 + 11090*a + 2. Calculate s(0).
2
Let z(u) = -55041*u - 385359. What is z(-7)?
-72
Let q(n) = -4807*n + 28888. What is q(6)?
46
Let w(v) = 956*v - 666. What is w(1)?
290
Let o(n) = -n**3 + 174*n**2 - 1344*n + 22. Determine o(8).
-106
Let s(j) = -j**3 + 13*j**2 + 27022*j - 162390. Calculate s(6).
-6
Let p(i) = 19*i**2 + 3275*i + 44860. Give p(-15).
10
Let h(u) = 21081*u + 63116. Give h(-3).
-127
Let l(v) = -v**3 + 80*v**2 + 332*v - 188. Give l(84).
-524
Let l(d) = d**3 + 19*d**2 + 224*d - 2247. What is l(6)?
-3
Let i(w) = -w**3 + 133*w**2 - 382*w - 921. What is i(130)?
119
Let r(b) = -2*b**3 + 1559*b**2 - 5434*b + 1505. Calculate r(776).
-47
Let q(l) = -3*l**3 - 7*l**2 - 250*l - 680. Calculate q(-3).
88
Let d(l) = -33291*l - 166533. What is d(-5)?
-78
Let j(u) = u**3 - 19*u**2 + 94*u - 985. Determine j(17).
35
Let k(t) = -2*t**3 + 229*t**2 - 753*t + 265. Calculate k(3).
13
Let p(k) = 7*k**2 + 765*k - 28056. Determine p(29).
16
Let x(g) = 9040*g - 216835. Calculate x(24).
125
Let t(v) = -v**3 + 718*v**2 - 40673*v + 25. Calculate t(62).
-37
Let v(m) = -m**2 - 508*m + 179504. What is v(240)?
-16
Let t(c) = 2*c**3 - 39*c**2 - 38*c - 160. Give t(21).
365
Let y(l) = -328*l + 4008. What is y(15)?
-912
Let x(b) = b**3 + 39*b**2 + 585*b + 22802. Give x(-39).
-13
Let p(u) = -313*u + 102. Determine p(-4).
1354
Let l(z) = 140*z - 26297. What is l(187)?
-117
Let h(f) = -f**3 + 38*f**2 + 51*f + 3535. Calculate h(40).
2375
Let q(s) = s**2 - 310*s + 12931. Calculate q(261).
142
Let s(m) = -106*m - 26595. Determine s(-249).
-201
Let p(n) = -2*n**2 + 67469*n - 337304. Calculate p(5).
-9
Let y(o) = o**3 - 24*o**2 + 172*o - 4286. Give y(24).
-158
Let b(c) = 44*c - 4373. Calculate b(69).
-1337
Let z(s) = -31*s**2 - 318*s - 1619. Calculate z(-5).
-804
Let t(a) = a**3 + 11*a**2 - 140*a - 1824. Calculate t(-12).
-288
Let h(n) = -8*n**3 + 63*n**2 - 8*n + 11. What is h(8)?
-117
Let q(b) = 38*b**2 + 3481*b - 68. What is q(-92)?
1312
Let z(a) = -3035*a + 959055. Give z(316).
-5
Let z(d) = -9*d**3 + 216*d**2 - 24*d + 251. Determine z(23).
4460
Let g(p) = -2849*p - 635298. Give g(-223).
29
Let g(p) = -19*p**2 + 148*p + 725. Calculate g(11).
54
Let v(a) = -2521*a + 9648. Determine v(4).
-436
Let c(y) = y**3 + 11*y**2 - 2950*y - 543. What is c(-60)?
57
Let s(t) = -16*t**2 + 849*t - 11076. Give s(30).
-6
Let w(j) = -34*j**2 + 471*j + 5120. Give w(21).
17
Let v(d) = -607*d**2 - 16979*d + 91. Calculate v(-28).
-385
Let f(d) = d**2 + 1677*d - 27101. What is f(16)?
-13
Let x(w) = -9*w**2 - 27883*w - 1398621. Determine x(-51).
3
Let q(f) = -2*f**2 - 2238*f - 71513. Give q(-33).
163
Let k(j) = 2*j**3 - 2942*j**2 - 26592*j + 430. What is k(-9)?
-2
Let b(l) = -38*l - 4292. What is b(-109)?
-150
Let z(m) = m**3 + 228*m**2 + 681*m + 106. What is z(-225)?
-1244
Let r(m) = 2*m**2 - 2770. Calculate r(-36).
-178
Let z(a) = -20880*a + 981346. What is z(47)?
-14
Let o(j) = -784*j + 6590. What is o(5)?
2670
Let b(d) = 5749*d + 13385. Give b(-1).
7636
Let l(d) = -1562*d + 571684. Calculate l(366).
-8
Let o(v) = -195*v + 8824. Give o(41).
829
Let i(s) = 3*s**3 - 39*s**2 - 45*s - 49. Determine i(14).
-91
Let p(s) = -4767*s + 85307. Calculate p(18).
-499
Let z(h) = h**3 + 45*h**2 - 78*h - 301. Calculate z(-47).
-1053
Let k(y) = -34*y**3 - 304*y**2 - 60*y - 696. Give k(-9).
6
Let k(b) = -16*b**3 + 12*b**2 - 7*b + 65. Determine k(-4).
1309
Let j(z) = 683*z - 8884. Calculate j(13).
-5
Let x(b) = 76856*b + 691546. Determine x(-9).
-158
Let r(u) = -174*u + 8916. Calculate r(44).
1260
Let l(g) = -185*g**2 + 3309*g - 13252. Give l(4).
-2976
Let w(a) = -1788*a**2 - 12491*a + 26. Give w(-7).
-149
Let g(b) = -10*b**2 - 199*b + 941. Give g(5).
-304
Let y(w) = -684*w + 5885. Give y(8).
413
Let p(a) = 46221*a + 8134873. What is p(-176)?
-23
Let p(l) = -1732*l - 119550. Give p(-69).
-42
Let x(l) = 3148*l - 9279. What is x(3)?
165
Let i(v) = v**3 + 250*v**2 - 782*v - 6469. Calculate i(-253).
-650
Let f(l) = 7182*l - 445271. Give f(62).
13
Let f(r) = 16*r**3 + 17320*r**2 + 25942*r - 2105. Determine f(-1081).
57
Let j(l) = -l**3 - 16*l**2 - 156*l - 1549. Calculate j(-13).
-28
Let c(z) = -15068*z + 632842. What is c(42)?
-14
Let y(w) = w**2 + 2236*w - 6712. Determine y(3).
5
Let l(b) = 303*b + 7877. Determine l(-25).
302
Let b(j) = j**3 + 106*j**2 - 137*j + 20717. Give b(-109).
7
Let v(n) = -436*n - 3468. Determine v(-3).
-2160
Let l(p) = 12*p**2 + 516*p - 1761. Give l(-46).
-105
Let q(t) = 1353*t + 102740. Calculate q(-76).
-88
Let h(s) = -2166*s - 463530. Determine h(-214).
-6
Let q(o) = 887*o - 4101. What is q(7)?
2108
Let j(q) = q**2 - 429*q + 3362. What is j(8)?
-6
Let i(x) = -22*x**2 + 614*x + 241. Calculate i(28).
185
Let w(i) = 33*i**2 + 895*i + 132. What is w(-26)?
-830
Let x(y) = 2*y**3 - 3179*y**2 + 18992*y - 17. Give x(6).
-77
Let i(k) = 3*k**2 + 133*k - 2606. What is i(21)?
1510
Let v(w) = 2642*w + 31809. Determine v(-12).
105
Let l(n) = -2*n**2 - 2595*n + 294519. Determine l(105).
-6
Let n(d) = -311*d - 2486. Give n(-10).
624
Let f(j) = -10*j**2 - 59*j + 558. Give f(5).
13
Let j(k) = 2721*k + 65304. Give j(-24).
0
Let p(q) = 267*q + 18637. What is p(-70)?
-53
Let l(h) = 210*h**2 - 51*h + 95. Determine l(2).
833
Let t(q) = -843*q - 2051. What is t(1)?
-2894
Let m(r) = 2*r**2 - 224*r + 258. What is m(104)?
-1406
Let w(q) = -2588*q + 817812. Determine w(316).
4
Let v(o) = o**3 - 47*o**2 + 136*o + 2854. What is v(42)?
-254
Let j(r) = r**3 + 42*r**2 + 336*r - 30. What is j(-28)?
1538
Let w(u) = 215*u - 745. Calculate w(5).
330
Let c(v) = v**3 + 215*v**2 + 2192*v - 49774. Determine c(-203).
-242
Let p(f) = 10*f**2 + 19*f - 6. Calculate p(6).
468
Let v(w) = -w**3 - 357*w**2 - 1782*w - 171. Give v(-5).
-61
Let n(z) = 4950*z + 33937. Calculate n(-7).
-713
Let q(y) = -2*y**3 + 1406*y**2 + 5717*y - 43129. What is q(707)?
-2
Let r(v) = 12*v**2 + 1090*v + 14293. What is r(-75)?
43
Let t(j) = -2*j**3 - 185*j**2 - 450*j + 21. Give t(-90).
21
Let p(w) = 12267*w + 84928. What is p(-7)?
-941
Let o(a) = -5463*a + 305720. Calculate o(56).
-208
Let u(j) = j**3 - 540*j**2 + 49485*j + 2541. Give u(423).
3
Let y(c) = c**2 + 559*c - 35110. Calculate y(57).
2
Let f(u) = -u**3 + 244*u**2 - 1196*u + 277. What is f(239)?
38
Let o(q) = q**3 - 67*q**2 - 3131*q + 206502. Determine o(69).
-15
Let p(t) = -8132*t**2 + 130111*t - 33. Calculate p(16).
-49
Let u(r) = -4*r**3 - 290*r**2 + 304*r - 13. Give u(1).
-3
Let m(b) = 22*b**2 + 252*b + 491. Give m(-2).
75
Let z(i) = -2*i**3 - 8*i**2 + 63*i - 59. Calculate z(5).
-194
Let w(a) = -6*a**2 - 3126*a + 12601. Give w(-525).
1
Let x(q) = -15*q**2 + 121*q + 710. Determine x(-7).
-872
Let u(c) = c**3 - 1065*c**2 + 14721*c + 26. Give u(14).
124
Let l(n) = -2*n**3 - n**2 + 256*n + 4. Calculate l(11).
37
Let b(q) = -6341*q + 133170. Give b(21).
9
Let p(t) = -2*t**3 - 354*t**2 - 237*t + 20244. What is p(-176)?
4
Let r(g) = -g**3 - 229*g**2 + 4953*g - 6726. What is r(-249)?
-3
Let l(s) = -2*s**2 - 382*s + 20085. Determine l(43).
-39
Let r(m) = 45*m**2 - 483*m - 139. What is r(11)?
-7
Let j(z) = -1082483*z + 2164994. Give j(2).
28
Let j(i) = -2*i**2 + 29*i + 566. Give j(24).
110
Let y(b) = 2*b**2 - 8503*b + 5372344. Give y(772).
-4
Let m(j) = -j**2 + 1739*j - 108673. What is m(65)?
137
Let c(h) = -10579*h - 116566. What is c(-11)?
-197
Let h(r) = r**3 + 350*r**2 + 12749*r + 24713. Determine h(-309).
-7
Let b(k) = -18019*k + 215007. Calculate b(12).
-1221
Let o(w) = w**3 - 413*w**2 - 55626*w - 7277. Calculate o(520).
3
Let d(h) = 162*h**2 - 647*h - 2. Give d(5).
813
Let m(i) = -i**2 - 3672*i - 631872. Determine m(-181).
-1
Let x(w) = 6*w**3 + 20*w**2 - 209*w - 666. Give x(-3).
-21
Let k(r) = 16*r - 187. What is k(-26)?
-603
Let q(f) = -3230*f + 139011. What is q(43)?
121
Let s(l) = 333614*l + 40033675. Calculate s(-120).
-5
Let l(r) = 3*r**3 + r**2 + 49*r + 139. Give l(-3).
-80
Let q(z) = -1374812*z + 9623671. Calculate q(7).
-13
Let j(q) = 4*q**3 - 23*q**2 + 2*q - 65. What is j(6)?
-17
Let d(n) = 3*n**3 + 2*n**2 + 46*n - 131. Give d(3).
106
Let v(x) = -68687*x + 206100. What is v(3)?
39
Let q(v) = 3*v**2 - 945*v + 65796. Give q(211).
-36
Let n(l) = -3*l**2 + 1650*l + 63197. Give n(-36).
-91
Let z(c) = -